rivative of 2*w**2 + 4*w + 2 + 1/3*w**3. What is the units digit of o(-6)?
6
Let t(d) be the third derivative of -d**5/60 + 19*d**4/12 + 11*d**3/2 - 2*d**2 + 18. What is the hundreds digit of t(29)?
2
Suppose 0 = -4*x + 3*a + 557, -149 = -0*x - x + 4*a. Suppose 0 = -r + b + 162, r + 5*b - x = b. What is the tens digit of r?
5
Let j = 3660 + -1837. What is the units digit of j?
3
Let a be (18/(-2))/(-1) - 4. Suppose 5*u + 7 = 2*n - 6, -a*n + 21 = -u. What is the units digit of 4/n + (2 - 2)?
1
Let z be (-4566)/(-24) + (-6)/(-8). What is the units digit of z - (-2 + (-16)/(4/(-1)))?
9
Let p(y) be the first derivative of 7*y**2/2 - 7*y + 5. Let c(o) = 7*o - 8. Let z(n) = 5*c(n) - 6*p(n). What is the units digit of z(-3)?
3
Suppose b - 1 = -10. Let u(o) = 5*o**3 - 14*o**2 + 6*o - 4. Let s(x) = x**3 - x**2 - x - 1. Let d(w) = 6*s(w) - u(w). What is the units digit of d(b)?
5
Let d be 6/(-5)*(-5)/(3/3). What is the tens digit of (d/8)/((-11)/(-264))?
1
What is the hundreds digit of 9274/(-1*(-13 + 11))?
6
Let u(s) = 3*s**2 - s - 6. Let o(k) = 2*k**2 - 3. Let a(y) = 5*o(y) - 3*u(y). Let l be a(-2). What is the units digit of 16/l*3/6?
8
Let b be 2/(-5) - (-912)/30. Suppose 7*i = 9*i - b. What is the tens digit of i?
1
Let m(y) = y**3 - 8*y**2 + 12*y - 16. What is the tens digit of m(11)?
7
Let d be ((-28)/14)/(2/(-5)). Suppose -13 = -3*v - i, 4*v + i = 3*v + d. What is the units digit of v?
4
Suppose 28*m - 59464 = 53964. What is the thousands digit of m?
4
Suppose 3*b + 821 = 2*t + 246, t - 2*b - 287 = 0. What is the units digit of t?
9
Let q be (-260)/15 - (-8)/6. Let s = 24 + q. Suppose -5*k + 248 = -4*n, 3*k - 4*n - 136 - s = 0. What is the units digit of k?
2
What is the units digit of (-2)/(4/(4*-14))?
8
Let f be ((-1)/(-2))/((-3)/(-30)). Suppose -f*j + 3*j = -68. Suppose -2*q + j = -0*q. What is the tens digit of q?
1
Suppose -h + 108 + 22 = 0. Suppose -5*a + 5*m = -h, 3*a + 4*m - 103 = 2*m. Suppose -145 = -a*x + 26*x. What is the tens digit of x?
2
Let j(l) = -40*l**2 - l - 1. Let w be j(-1). Let u = 17 - w. What is the units digit of u?
7
Let c = 16 + -8. Suppose -84 + c = -4*q. Suppose -q*w + 22*w - 60 = 0. What is the units digit of w?
0
Let x be (-4)/(-2)*(3 + 63). Let j = -47 + x. What is the tens digit of j?
8
Suppose y = 8 + 15. Let x(g) = -g**2 + 23*g + 26. What is the units digit of x(y)?
6
Let w(f) = -5*f + 10. Let m(j) = j - 9. Let h be m(12). Suppose -h*y = 2*c + 19, y + c = 4*c - 10. What is the tens digit of w(y)?
4
Suppose 0 = 21*r - 7683 - 47337. What is the thousands digit of r?
2
Suppose 2*n + 4*m = 194, -2*n = -2*m + 4*m - 196. Let f = n - 80. What is the units digit of f?
9
Let y(w) = w**2 - 25*w - 221. What is the tens digit of y(34)?
8
Let q = -2 - -6. Suppose -p = 3*r - 3, 12 = -3*p + q*r - 5. What is the units digit of 46*(14/4 + p)?
3
Let v = 12 + -12. Suppose 2*l + 2*y + y - 7 = 0, 5 = l + 3*y. Suppose -l*w + 7*w - 170 = v. What is the units digit of w?
4
What is the units digit of 4 + 913 + (-3)/(-1)?
0
Suppose 3*n - 2598 = -5*w, 0*w + 4*n - 2599 = -5*w. What is the tens digit of w?
1
Let s = 28 - 24. Suppose -2*v + 0*v + 16 = 3*o, -4*v - 2*o = -32. What is the units digit of -2 + (v - s) + 81?
3
What is the tens digit of (-4 - 200/(-12))*6/4?
1
Suppose 3*c + 2*u + 11 = 0, 3*c - 3*u = 2*u - 46. What is the units digit of (-2 - -15)*(-7)/c?
3
Suppose 3*l - r = -89, 33 = -2*l - 5*r - 32. Let y = -1 - l. What is the units digit of y?
9
Suppose -44*o + 11726 = -22*o. What is the units digit of o?
3
What is the hundreds digit of (128740/(-369))/((-6)/27)?
5
Let v(j) = 1 + 5*j**2 - 6*j**2 - 5 - 8*j. Let f be (-1 + 0)/((-10)/(-50)). What is the tens digit of v(f)?
1
Suppose 2*n = 71 - 247. Let k(t) = 33*t - 3. Let f be k(4). Let u = n + f. What is the tens digit of u?
4
Let g(u) = -2319*u - 50. What is the hundreds digit of g(-1)?
2
Suppose -660 = -9*j + 1671. What is the tens digit of j?
5
Suppose 65*c + 6006 = 71*c. What is the tens digit of c?
0
Let u(v) = 2*v**2 - 5*v + 41. What is the units digit of u(-17)?
4
Suppose 932 = -3*p + 7*p. Suppose -215 - p = -4*z. What is the hundreds digit of z?
1
Suppose 0 = -13*m + 5*m + 40088. What is the thousands digit of m?
5
Suppose -19*n + 6849 + 11372 = 0. What is the tens digit of n?
5
Let v be 0 + (-5 - 3/3). Suppose -5*f = -3*y + 447, 5*y = -0*f + 2*f + 726. What is the units digit of (6/(-8))/(v/y)?
8
Suppose 6*b = 5*b - 6. Let j be (3 - 0)*b/(-9). Suppose n + 15 = 2*l, -l - 3*n = -j*l - 5. What is the tens digit of l?
1
Suppose -3*l + 6 = -2*l. Let p be (-106)/(-3) - l/18. Suppose -q = -w + p, -4*w + 2*q = -0*q - 140. What is the units digit of w?
5
Let u(b) = -6*b + 12. Let d be u(10). Let q = -22 - d. Suppose 0 = -n + q + 14. What is the units digit of n?
0
Let c(w) = 3*w**2 - 2. Let l be c(-2). Suppose t + 6 = -4*h, -4*t = -2*h - 2 - l. Suppose -z = t - 11. What is the units digit of z?
9
Suppose -4873 = -5*g - 3*k, -2*g + 1224 = 2*k - 722. What is the tens digit of g?
7
Suppose 0 = -2*w - 5*q - 0*q - 10, -3*w + 2*q = -4. Let m(x) = 3*x + 93. What is the tens digit of m(w)?
9
Suppose l = 3*z + 54, 5*l - 174 = 2*l + 5*z. What is the units digit of l?
3
Let d be (30/(-9))/(3/9). Let h(f) = f**2 + 9*f + 7. What is the tens digit of h(d)?
1
Let f be (28/8)/(-7)*2. What is the units digit of (-30)/6 + 5 - (-9 - f)?
8
Let k = -130 - -786. What is the units digit of k?
6
Let m = -24 - -32. Let p = m - -8. Let z = 70 - p. What is the tens digit of z?
5
Suppose -d = -4*f + 5897, -2*f - 5*d + 2921 = -0*d. What is the hundreds digit of f?
4
Suppose -42*u + 2025 = -37*u. What is the hundreds digit of u?
4
Suppose -s = -3*s - 2*o + 2, -6 = 3*o. Suppose 3*k = s*b - 255, -3*k - 384 = -5*b + 39. What is the units digit of b?
4
Let n(j) = -j**2 + 19*j + 12. Let w(m) = m**3 - 11*m**2 + m + 5. Let a be w(11). Let o be n(a). Suppose -4*f + o = -100. What is the tens digit of f?
4
Let s = 0 + 0. Suppose s = 4*k - 12*k + 24. Suppose o = -k*o + 124. What is the units digit of o?
1
Suppose 0 = -5*d + 3*s + 1120, -2*d + 0*d + 474 = 4*s. What is the tens digit of d?
2
Suppose -9*c - 8 = -224. What is the units digit of c?
4
Suppose -5*u + 3*g + 1407 = g, u - g - 279 = 0. What is the units digit of u?
3
Suppose -4*j = 3*j - 728. Let c = -60 + j. What is the units digit of c?
4
Suppose 0 = -10*f - 0*f + 13510. What is the tens digit of f?
5
What is the thousands digit of (-126)/(-12)*5296/24?
2
Let j be (3 - 1) + -19*(-11 - -2). Suppose -5*z + j = -4*s, 2*s + 89 - 19 = 2*z. What is the tens digit of z?
3
Let v(u) = -u + 14. Let f be 7/((-7)/(-18))*(-3)/(-9). What is the units digit of v(f)?
8
Let d(u) = u**3 + 23*u**2 + 24*u - 27. What is the tens digit of d(-18)?
6
Let n(u) = 10*u**2 - u + 15. Let x be n(-8). Suppose -x = -3*j - 33. What is the tens digit of j?
1
Suppose 6*w - i = w + 1, 3*w - 2 = 2*i. Suppose -v - 577 = -4*k, 4*k + w*v - 4*v = 592. What is the hundreds digit of k?
1
Let g = -33 + 33. Suppose -h + 19 + 12 = g. What is the units digit of h?
1
Suppose 0 = -5*o - 17 - 8. Let a = 6 - o. What is the units digit of a?
1
Suppose 0 = -0*i + 4*i. Suppose -4*u + t = -3*t - 24, i = 3*t + 12. What is the units digit of 8/u - 20/10?
2
Let r = 379 + -198. What is the units digit of r?
1
Suppose 12 = l - 18. Suppose -6*a + 138 = -l. What is the units digit of a?
8
Let b(m) = -m**3 - 11*m**2 + 15*m - 14. Let k be b(-12). Let j = -19 - k. What is the units digit of j?
1
Suppose 3*n + n - 20 = 0, 0 = c + 3*n - 53. Suppose -5*p + 197 = -c. What is the units digit of p?
7
What is the units digit of 11 + -17 - (1 + -3245 + -2)?
0
Let n = 5 - 11. Let d(v) = v**2 + v - 4. Let g be d(n). Suppose -p = -2*o + 59 - g, 4*p = -2*o + 38. What is the units digit of o?
7
Let h be 1 - 1/(-2)*(-3 - 9). Let g(t) = -2 + 6*t**2 + 2*t**2 + t**3 + 4 + 7*t. What is the units digit of g(h)?
2
Let l be 15 - 2/(-6 - -4). What is the units digit of l/48 + 89/3?
0
What is the thousands digit of ((-6824)/22)/((-113)/1243)?
3
Suppose 2*s = 3*y - 26, -s = s - 5*y + 18. Let a = 91 + s. What is the tens digit of a?
7
Let n = 401 - -384. What is the units digit of n?
5
Let l = 2 + 731. What is the units digit of l?
3
Let m = 19 + -15. Suppose -m*i + 4*x = -212, i - 45 = -x + 4*x. What is the units digit of i?
7
Suppose -3*o + 